 of 5/2*a**2 + 5 + 1/12*a**4 + 2*a + 1/2*a**3. Give c(-3).
5
Let i(a) be the second derivative of -a**3/6 + a**2/2 + 8*a. Let h(q) = 3*q - 31. Let f be h(12). Let s be -2 + -3 + 4 + f. Determine i(s).
-3
Let a(n) = 13. Let r(u) = u + 12. Let c(t) = -a(t) + r(t). Let g = 7 - 12. What is c(g)?
-6
Let c(k) = k - 3. Let u be c(-6). Let q(v) be the second derivative of -v**3/6 - 5*v**2 + 5407*v. What is q(u)?
-1
Let b(h) = 81*h**2 + 6 + 4*h - 25*h**2 - h**3 - 38*h**2 - 30*h**2. Calculate b(-12).
-42
Let x be 18/14 + 34/(-119). Let w(o) = o**2 - o - 2. Let f(s) = -s - 1. Let j(y) = x*w(y) - 6*f(y). Give j(-5).
4
Suppose 3*f = 9, -5*i - 4*f = -9*f + 15. Let x(d) = 2 - 5 + d - 4*d + 4 + i*d. What is x(11)?
-32
Let m(s) = -10 + 2*s - s + 5*s. Let f(r) = -r - 2. Let o(p) = -3*p + 18. Let z(l) = -4*f(l) - o(l). Let t(q) = -6*m(q) + 5*z(q). Calculate t(12).
-2
Let l(p) = 10384*p**3 - 2*p**2 - 1 + 10362*p**3 - 1 - 31113*p**3 + 10369*p**3 + 5*p. Let w = -2 + 4. Give l(w).
16
Let a(f) = -8*f**3 - 2597*f**2 + 5*f + 7771*f**2 - 1 - 2586*f**2 - 2590*f**2. What is a(2)?
-63
Let k(f) = 7*f. Let b(o) = -6*o - 2. Let m(q) = 6*b(q) + 5*k(q). Let r = -48 + 43. What is m(r)?
-7
Let k be -4 + (-122)/(-4) - 2/(32/24). Let x(z) = -z**2 + 27*z - 76. Give x(k).
-26
Let i(o) = 600 + 599 - 1201 - o**3 + 18*o + 17*o**2. Let q(c) = c**3 - 7*c**2 + 11*c - 12. Let s be q(6). What is i(s)?
-2
Let a(l) = l**3 - l**2 + 4*l + 5. Let w(o) = -o**2 + 11*o + o**3 - 3*o**2 + 14 - o**3 + 3*o**3. Let q(u) = -17*a(u) + 6*w(u). Calculate q(7).
-15
Let b be (-20)/(-4) - (0 + -3 + 4). Suppose b*z = -4 - 20. Let o(k) = -k**3 - 7*k**2 - 6*k - 2. What is o(z)?
-2
Suppose -j = 0, -6 = -i - 5*j + 4. Let t be -8 + i/(5 - 0). Let v(c) = c**2 + 4*c - 14. Determine v(t).
-2
Let t(d) = 5*d**3 - d. Suppose 3*a - j = 0, 35*j + 10 = 2*a + 36*j. Calculate t(a).
38
Let w(t) = -203*t - 341. Let d(u) = -90*u - 169. Let o(h) = -13*d(h) + 6*w(h). Determine o(3).
7
Let n(l) = l**3 + 5 - 4*l**2 + 4 - 5. Suppose -5*q - 62 = 3*c, -3*c - 2 = -2*q - 31. Let i = q - -17. Calculate n(i).
4
Let s(j) be the third derivative of -17*j**4/24 - 49*j**3/3 + 20*j**2 - 7. Give s(-6).
4
Let y(i) = 3*i + 4. Let s be 5*((-39)/15 - -3). Let z(w) = 8*w + 4. Let n be z(s). Suppose 5*o + 40 - n = 0. What is y(o)?
-8
Let c(o) = -3*o + 5*o + 1 - 3*o. Suppose -3 = 5*i - 5*m - 13, -i + 40 = 18*m. Give c(i).
-3
Let h(v) = 3*v**3 - 20*v**2 + v - 3. Let f(b) = -8*b**3 + 70*b**2 - 3*b + 10. Let i(a) = 2*f(a) + 7*h(a). Suppose -1 = 2*d - 3*d. Give i(d).
5
Let c(n) be the second derivative of -n**2 - 2*n - 7/6*n**3 + 4 - 1/12*n**4. Give c(-4).
10
Let x(g) = -178*g**2 - 2*g - 63*g**3 + 126*g**3 - 64*g**3 + 5 + 196*g**2. What is x(18)?
-31
Let g(d) = 2*d + 9. Let q(h) = h**2 - 26*h + 158. Let f be q(17). Give g(f).
19
Let w(i) = i**3 + 7*i**2 + 6*i + 2. Let d be w(-6). Suppose -2*h + 6*h + d*p = 26, -2*p = -5*h + 28. Let x(n) = n**2 - 3*n - 2. What is x(h)?
16
Suppose -g - 4*z = -438, -4*g = -3*z - 1983 + 250. Let f = 429 - g. Let h(x) = x**3 + 6*x**2 + 5*x + 5. Give h(f).
5
Let q(w) = -w - 11. Let p = 7 + -19. Let b(t) = t**3 + 11*t**2 - 12*t - 6. Let x be b(p). Determine q(x).
-5
Let z(l) = -3*l**2 + 93 - 106 - 2*l + 21*l - l**3 + 3*l + 4*l. Calculate z(-7).
1
Let z(a) = -a**3 - 9*a**2 - 3*a - 37. Suppose -387 = 6*b - 333. Let f be z(b). Let h(u) = u**2 + 10*u + 1. Calculate h(f).
1
Let z be 1 + 48 + 1952/(-122). Let y(u) = u**3 - 34*u**2 + 27*u + 192. Give y(z).
-6
Suppose 4*x + 4*n = 176, -3*n = -4*x + 38 + 117. Let h be (4/5)/(x/(-410)). Let g(i) = i**2 + 6*i - 11. Determine g(h).
5
Let w(c) = -c - 25. Let z(m) = -17*m - 176. Let f(u) = 7*w(u) - z(u). Let s = 13 - 14. Give f(s).
-9
Suppose -2*z = 18*y - 16*y + 26, 0 = -y - 3*z - 11. Let h(p) = 13*p + 184. Give h(y).
2
Let u be (0 + (-16)/5)/((-4)/10). Let j(a) = -a**3 + 8*a**2 - 6*a + 48. Let q be j(u). Let g(s) = -s**3 + s**2 - s - 4. Give g(q).
-4
Let m(t) be the second derivative of -t**5/60 - 5*t**4/12 - t**3/2 - 223*t**2/2 + 174*t. Let q(x) be the first derivative of m(x). Determine q(-5).
22
Let w(f) = 7*f**2 + 8. Suppose -3*p = -5*n, -3*n - 2747*p + 2745*p = -19. Give w(n).
71
Let y(z) be the first derivative of z**2 + 2*z - 157. Determine y(-2).
-2
Let x(t) = -t**2 + 34*t - 109. Let y be x(27). Suppose -b + 78 - y = 0. Let c(z) = 7*z. Give c(b).
-14
Let q = -52 - -57. Suppose -5*v = -z + 23, 0 = -5*z + q*v - 24 + 59. Let j(f) = -13*f + 6 - f**2 - 3 + 14*f. Determine j(z).
-3
Let a(c) = c + 17. Let b be a(-9). Suppose b*i + 11*i - 114 = 0. Let g(v) = -v**2 + 4*v. Determine g(i).
-12
Let w be (-5)/(-30) - 22/(-12). Let i(j) be the third derivative of -j**5/60 + j**3/6 + 7*j**2 + 155. What is i(w)?
-3
Let p(k) = -29*k - 206. Suppose 4*a + y + 24 = 0, 55 = 100*a - 105*a + 5*y. What is p(a)?
-3
Let d(n) = n**2 - 4*n - 2. Suppose 2*r - 2*q - 140 = 0, 0 = -r - 3*q - 2*q + 46. Suppose 25*v = 3*v - r. Calculate d(v).
19
Let j be (4/(-8))/(6/(-54996)). Let d(i) = 1 + 1 - 4585*i + j*i. Let l(y) = -y**3 + 4*y**2 + 3*y + 6. Let s be l(5). What is d(s)?
10
Let d(l) = -l**2 + 2*l + 4. Let w be ((-3)/(-4))/((-6)/(-168)). Suppose w*n + 8 = 23*n. Determine d(n).
-4
Let y(q) = -7*q - 12. Let k = 11740 + -11728. Determine y(k).
-96
Let c(l) be the second derivative of l**4/12 - l**3/2 + 2*l**2 - 13*l + 5. Calculate c(0).
4
Let p(x) = x**3 - x**2 - 2*x + 1. Let o(d) = -7*d**3 + 13*d**2 + 5*d + 1. Let n(k) = o(k) + 6*p(k). Determine n(6).
1
Let f = -42 - -44. Let y be f*-84*(-10)/20. Let t(g) = -y*g - 1 + 42*g + 40*g. Determine t(-1).
1
Let u be (6/(-4))/((-9)/24). Let c(y) be the second derivative of 0 - y**2 + 1/20*y**5 - 1/4*y**4 + 18*y - 1/2*y**3. Give c(u).
2
Let j(o) = o**3 - 9*o**2 + 9*o + 15. Suppose 337 = -6*z - z + 386. Calculate j(z).
-20
Let u = 25 + -43. Let b = -16 - u. Let m(n) = -n - 34*n**2 + 16*n**b + 19*n**2. Give m(1).
0
Let g be -1 + 1*(2 + 0). Let s be -1 - (0/(-1))/g. Let o(v) = -3*v + v - 21 - 19 - 27 + 68. Determine o(s).
3
Let t = 3 + -5. Let s(g) = 4*g**2 + 4. Let a(v) = -2*v**2 - v - 3. Let d(b) = 3*a(b) + 2*s(b). Give d(t).
13
Let q(b) = 2*b + 1. Let z = -30 - -35. Let u(s) = 11*s + 4. Let g(x) = 17*x + 6. Let d(y) = z*g(y) - 8*u(y). Let j(a) = 3*d(a) + 5*q(a). Give j(1).
0
Let b(g) = 22*g**2 + 22*g - 66. Let w(c) = 3*c**2 + 3*c - 10. Let s(l) = -2*b(l) + 15*w(l). Determine s(-5).
2
Let f(g) be the first derivative of -g**3/3 + 15*g**2/2 - 5*g + 375. Suppose 0 = -z + 2*s + 11, 7*z - 10*z - 4*s + 43 = 0. What is f(z)?
21
Let s be ((-75)/(-50))/((-3)/4). Let u(b) = 2*b**2 + b - 3. Calculate u(s).
3
Let q(y) = -y**2 + 11*y - 26. Let a be q(4). Suppose w = -3*v + 6*w - 10, 10 = 5*v - 3*w. Let d(u) = -v*u + 6 - 2*u**2 + u**a - 1. Calculate d(-5).
5
Let v(u) = 152*u + 4*u**2 + 2 - 3*u**2 - 157*u. Let n be 1 - -5 - ((-210)/(-15) - 14). Calculate v(n).
8
Let q(c) be the first derivative of -4*c + 3*c**2 + 1/12*c**4 + 13 + c**3. Let y(h) be the first derivative of q(h). Give y(-5).
1
Let y(x) = -x. Let b(m) = m**3 + 3*m**2 + 10*m + 86. Let z be b(-5). Let p(h) = h + 9 + 7 - 4. Let u be p(z). Calculate y(u).
2
Let r(s) = -s**2 - s - 1. Let k(x) = 2*x**2 + 13*x + 11. Let t(l) = k(l) + 4*r(l). What is t(-6)?
-119
Let b = 40 + -29. Let j(x) = x**2 - 15*x + 11. What is j(b)?
-33
Let f = -222 - -222. Suppose -7*s + 38 + 39 = f. Let z(t) = 2*t - 24. Give z(s).
-2
Let q(n) = 10*n - 16. Let h(j) = 5*j - 8. Let d(z) = -5*h(z) + 2*q(z). Let l(m) = 2*m. Let k(t) = -2*d(t) - 4*l(t). Give k(11).
6
Suppose -68*g + 51*g = -6375. Let f = g - 381. Let p(u) be the first derivative of u**2 + 9*u - 1. Give p(f).
-3
Suppose -24*s + 1492 + 2540 = 0. Let m = s + -162. Let r(y) = -2*y - 4*y**2 + y**3 - y**2 + 0*y**2 - 7. What is r(m)?
17
Let t(h) = h**2 - 17*h + 52. Suppose 0 = r + 2*g - 17, -3*r = -4*g + 75 - 96. What is t(r)?
-14
Let y(u) = -u**2 - 3. Let t be 1/12 + 11446/(-1416). Calculate y(t).
-67
Let d = 106 - 83. Suppose -d*m - 70 = -25*m. Suppose 0*a + 25 = 3*t - 5*a, 5*t = 5*a + m. Let n(f) = -2*f + 3. What is n(t)?
-7
Let u(x) = x**3 - 13*x**2 + 3*x + 2. Let s be 1/1*132/12 - -2. Determine u(s).
41
Let s = 196 + -194. Let q be (2*s/(-6))/((-13)/117). Let o(y) = -y**3 + 7*y**2 - 5*y - 2. What is o(q)?
4
Let c(u) = -6*u + 516. Let b be c(50). Let r = 227 - b. Let f(p) = -p**2 + 9*p + 13. Determine